ns digit of d(q)?
5
Suppose 0 = -17*m + 13*m - 4*h + 6712, 0 = -4*m + 3*h + 6747. What is the hundreds digit of m?
6
Let j = -838 + 994. What is the tens digit of j?
5
Let r(f) = -12*f - 21. What is the units digit of r(-2)?
3
Let l(v) = v - 6. Let d be l(13). Suppose a = 3*f - d - 6, -2*a = f - 9. What is the units digit of 14/a + 4 + -1?
0
Let o be -1 - (-2 - 1) - 0 - -2. Suppose -234 + 14 = -3*v + k, k - 305 = -o*v. What is the tens digit of v?
7
Let o(l) be the second derivative of -l**4/12 + l**3/6 + 47*l**2/2 + l. Suppose -2*b + 0*d + 25 = -5*d, d + 5 = -3*b. What is the units digit of o(b)?
7
Let k(w) be the third derivative of -1/6*w**4 + 0*w + 2/3*w**3 + 0 + 1/10*w**5 - 9*w**2. What is the tens digit of k(3)?
4
Let x(c) = 8*c + 7. Let v be ((-4)/10)/((-847)/140 + 6). What is the tens digit of x(v)?
7
Let g(i) = 2*i**2 + 1. Let y be g(0). Let q be y/2*0 + 100. Let x = -53 + q. What is the tens digit of x?
4
Suppose -236 = -r - 74. Suppose -430 = -4*j + r. What is the hundreds digit of j?
1
Let n = 24 + -42. Let o be (-10)/(2 - n/(-8)). Let l = o - 19. What is the tens digit of l?
2
Let s = 723 + -330. What is the tens digit of s?
9
Let y(d) = d**2 + d - 1. Let x be y(1). Let j(s) = 61*s. What is the units digit of j(x)?
1
Let z = 87 - 82. Suppose z*d - 466 = -2*n, -3*d - 1103 = 4*n - 9*n. What is the units digit of n?
3
Suppose 1 - 5 = -k. Suppose 4*l - 4 = 6*l. What is the units digit of 3 + -4 + k - l?
5
Let p(r) = 56*r - 59. What is the tens digit of p(6)?
7
Let k(h) = -20*h - 43. Let s be k(-18). Suppose -18*a + s = -457. What is the tens digit of a?
4
Let z(v) = 249*v**2 - 31*v + 93. What is the hundreds digit of z(3)?
2
What is the hundreds digit of 40/8 - -1125 - 5?
1
Let a(p) = p**3 - 15*p**2 + 17*p - 19. Let m be a(14). Suppose 516 = m*n - 20*n. What is the tens digit of n?
7
Suppose 4*c + 12 = 5*y, 4*y - 7*y = -5*c - 15. What is the hundreds digit of 1 - c - (-1962)/18?
1
Let m(c) = -120*c - 50. What is the units digit of m(-16)?
0
Suppose -t - 5 = 0, -n + 5 = -2*t - 97. Let x = n - -6. What is the tens digit of x?
9
Let d be 1/((-4)/(-12)) + -2. Let p(i) = -8 + 1 + d + 14*i - 10*i. What is the tens digit of p(5)?
1
Let j = 110 - 194. Let p = -42 - j. What is the units digit of p?
2
Suppose -3*s + 23 = -13. What is the tens digit of (-120)/5*(-45)/s?
9
Let o(z) = -111*z + 32. What is the tens digit of o(-4)?
7
Let h be (-6)/14*-7 - (-1 + 1). Suppose 3*w + 251 = h*y + 845, -4*w = 2*y - 786. What is the units digit of w?
7
Let r = 14 + -10. Suppose -2*b + 4*c + 150 - r = 0, -4*b + 4*c = -284. What is the units digit of b?
9
What is the thousands digit of (35112/112)/((-1)/(-4))?
1
Suppose 3496 = 2*p + 2*p + 5*j, -3*j = -3*p + 2595. What is the units digit of p?
9
What is the units digit of -141*(-6)/18*55?
5
Let i = 3125 + -126. What is the units digit of i?
9
Suppose a = 2*a, 0 = 3*z - 5*a + 522. Let j = -83 - z. What is the units digit of (-1 - 6)*(-78)/j?
6
Suppose -5678 = -2*l - 2*i, 3*i + 11311 = 4*l - 2*i. What is the hundreds digit of l?
8
Suppose 2*o + 3*p + 16 = 4*o, 3*p + 6 = 0. Let m(b) = 9*b. Let c(x) = -8*x + 1. Let h(g) = -5*c(g) - 4*m(g). What is the tens digit of h(o)?
1
Let q(w) = -w**3 - 11*w**2 - 11*w + 9. Let p = -59 - -48. What is the units digit of q(p)?
0
Suppose -4*n + 420 = 5*j - j, 3*n - 2*j - 295 = 0. Suppose -3*s - 3*y + 99 = 0, 3*s + 4*y = -0*s + n. What is the units digit of s?
1
Let q be 441/(-63) + 22/2. Suppose 0 = 3*b - 15. Suppose 4*s = -q*u + 48, -b*u - s - 14 = -54. What is the units digit of u?
7
Let g(f) = 15*f + 5. Let z be g(-7). Let b = 102 + -251. Let y = z - b. What is the units digit of y?
9
Suppose -10 = -3*m - 7. Let y(z) = 5*z**2 - 2*z + 1. Let n be y(m). Suppose n*b + 37 - 101 = 2*h, -4*h = b - 16. What is the units digit of b?
6
Let v(c) = 82*c + 15. Let r(a) = 41*a + 7. Let n(o) = -13*r(o) + 6*v(o). Suppose -5 = 4*y - 1. What is the units digit of n(y)?
0
Let d(y) = 53*y**2 + 2*y + 19. What is the units digit of d(-3)?
0
Suppose -2*o + 10 = 2*g - 24, -5*g = -10. What is the tens digit of 1/(-2)*(-7*o - 1)?
5
Suppose 4*n + 2*m = -6, 12 = 2*n - 4*n - 4*m. Suppose -3*l + 6 = -n*l. Suppose -5*r + 60 = -l*r. What is the units digit of r?
0
Let r = 15 + 47. Suppose r + 120 = k. What is the tens digit of k?
8
Let v(a) = -14*a**3 + 8*a**2 - 5*a - 3. Let d(l) = -15*l**3 + 9*l**2 - 6*l - 4. Let g(r) = 4*d(r) - 5*v(r). What is the tens digit of g(2)?
6
Suppose 0 = 8*a + 156 - 484. What is the tens digit of a?
4
Let u = -689 + 1482. What is the units digit of u?
3
Let g be (78/(-91))/((-1)/7). Let q be 40*(4 - 5)*-10. Suppose -s = -g*s + q. What is the tens digit of s?
8
Let h = 0 + 0. Suppose h = 5*i - 3*o - 143, -5*i - 2*o + 121 = -42. Suppose -i = -2*d - 3. What is the units digit of d?
4
Let z be (1/1)/(3/(-9)). Let x(b) = -14*b - 6. Let y be x(z). Suppose -s = 5 - y. What is the units digit of s?
1
Let u be ((-12)/(-30))/(4/20). Suppose -u*c + r = -17, -c - 9 + 1 = 5*r. Suppose 4*n + 5*f = 139, -3*f + 143 = 5*n - c*f. What is the units digit of n?
1
Suppose 10 = -5*t + 7*t. Let l be ((-12)/t)/(4/(-280)). Suppose l = 4*i + p, -3*i - 5*p + 225 = 2*i. What is the units digit of i?
1
Suppose -9*o + 18*o = 6642. What is the units digit of o?
8
Suppose -19*z + 13*z = -378. What is the units digit of z?
3
Let s = 1538 - 1313. What is the units digit of s?
5
Let c(x) = 0*x - 34 + x**2 + 33 - 3*x. Let p(r) = r - 12. Let i be p(10). What is the units digit of c(i)?
9
Suppose 0 = -4*c - 5*j + 10, 2*j - 10 = -3*j. Suppose -5*q - w = -c*q - 19, -4*w = 5*q - 16. Suppose q*i = 6*i - 120. What is the tens digit of i?
6
Let v(y) = 3*y**2 - 8*y + 24. Let d be v(10). Let o = d + -143. What is the hundreds digit of o?
1
Let q(k) = 33*k**2 + k - 1. Let i be q(1). Let s = -30 + i. What is the units digit of s?
3
Suppose 3*c = 5*u + 588, 5 = -3*c - 7. Let x = u + 170. What is the tens digit of x?
5
Let j(d) be the third derivative of 7*d**7/360 + 3*d**4/8 - 9*d**2. Let f(k) be the second derivative of j(k). What is the units digit of f(1)?
9
Suppose 11*g = 13*g - 4. Let y(a) = a**3 + 4*a**2 - 5*a. Let c be y(-5). Suppose -54 = -g*q - c. What is the tens digit of q?
2
Let i = -12 + 14. Let d(f) = -3*f**3 - 1 - 5*f**3 + 7*f - f**i - 7*f. What is the tens digit of d(-2)?
5
Let m = 165 + 13. What is the tens digit of m?
7
Suppose 0 = 4*y - 7 - 5. Suppose 77 + 7 = y*v. Suppose 0*k - 5*t = 4*k - v, 2*t = -2*k + 12. What is the units digit of k?
2
Let b be 10/((0 - (-1)/14)*2). Let x = b + -32. What is the units digit of x?
8
What is the units digit of 111/185 - (-507)/5?
2
Let r be (-16)/24*(-1 + -1199). Suppose r + 292 = 4*y. What is the units digit of y?
3
Let u be (3 - 4)/((-3)/9). Suppose 5*d - 25 = -0*d + u*b, -2*d - 2*b = 6. Let i(o) = 7*o**2 - o + 1. What is the units digit of i(d)?
7
Let s = -25 - -27. Suppose s*l - 112 = -4*f, -3*l + 179 = -f - 4*f. What is the units digit of l?
8
What is the hundreds digit of (-1)/(-6)*-2722*-3?
3
Let l(m) = -m**3 - 4*m**2 - 4*m. Let v be l(-2). Suppose v = 5*b - 69 - 131. What is the tens digit of b?
4
Suppose 2*h + 3*a + 302 = 0, -5*h - 357 = -3*a + 440. Let m = h - -245. What is the units digit of m?
8
Let o(v) = v**3 - 32*v**2 + 15*v - 79. What is the thousands digit of o(34)?
2
Suppose 16*a - 867 = 15*a. What is the hundreds digit of a?
8
What is the units digit of -6 - -974*(1 - 0)?
8
What is the tens digit of 9 + -4 - (5 + -984)?
8
Let b(d) = 17 - 10*d + 11*d - 26*d. What is the hundreds digit of b(-4)?
1
Let j = -1 - 0. Let h be (j - 1 - 1)/(-3). Let o(v) = 27*v**3 + v**2 - v. What is the units digit of o(h)?
7
Suppose 0 = z + 3*a + 5, 0 = 2*z - 2*a - 1 - 5. What is the units digit of 3/6*z*26?
3
Let s = -1441 - -4447. What is the hundreds digit of s?
0
Suppose 2*f - 5*s + 0*s - 5 = 0, -5*f - 2*s = -27. What is the tens digit of 3 + 1 + (f - -36)?
4
Let o(k) = 2*k - 3. Let g(w) = -w - 2. Let f be g(-6). Let m be o(f). Suppose m*h + 19 = 74. What is the units digit of h?
1
Suppose 15 = 4*j + 115. Let n = j - -28. Suppose -2*i = -n*c + c + 106, c = -2*i + 44. What is the tens digit of c?
5
Suppose -7*m + 3*m = -2*t - 118, 83 = 3*m + 4*t. What is the tens digit of m?
2
Let d(h) = 2*h**2 + 10*h - h**2 + 8*h**2 - 7 - 6*h. What is the tens digit of d(3)?
8
Let z 